 + 2*q - 1. Let n be l(a). Suppose 2*c - n = 3*c + 5*w, 2*w + 40 = 3*c. What is the units digit of c?
0
Let w be 26/(-3 + 22/8). What is the units digit of w/(-6) + 6/9?
8
Let w(s) = -7*s + 4. Let o be w(-2). What is the units digit of (-4)/o - 60/(-27)?
2
Let y(s) = -s**2 - 5*s + 3. Let p be y(-5). Let c be p/(-2 - -5) + 1. Suppose 5*i - 30 = i + 5*w, -54 = -5*i - c*w. What is the units digit of i?
0
Suppose 3*o - 5*o - 118 = 0. Let g = -4 - o. Suppose 3*h = 2*r - 2, g = 3*r + 2*r + 5*h. What is the units digit of r?
7
Let h(u) be the third derivative of 0*u - 2*u**2 + 0 + 1/60*u**5 - 1/6*u**3 - 1/12*u**4. What is the units digit of h(-2)?
7
Suppose 0 = -4*n + 12, 2*r + 3*n = -r + 81. What is the units digit of r?
4
Let c(h) = -h**3 + 3*h**2 + 6*h - 1. Let p be c(4). Let m(f) = 7*f**2 + 6. Let o(i) = -i**2 - i - 1. Let d(t) = m(t) + 6*o(t). What is the units digit of d(p)?
7
Suppose -3*d = -4*u + 246, 5*d = 2*d + 6. What is the units digit of u?
3
Suppose 3*n - 3*k = 69, 6*k = 4*n + 3*k - 93. What is the units digit of n?
4
Suppose -5*s = -10*s - 55. Let u = -7 - s. Suppose 0 = u*l - 4*h - 52, 0*l = l - 4*h - 7. What is the tens digit of l?
1
Let t be (-1)/4 - 148/(-16). Let y be t*2/(-5 + 3). Let h(v) = v**3 + 10*v**2 + 7*v - 9. What is the units digit of h(y)?
9
Suppose -2*k = k - 15. What is the units digit of k?
5
Let g be (-1 + 2)/((-1)/(-4)). Let o(w) = -w**2 - 6*w + 1. Let m(d) = 2*d**2 + 6*d - 1. Let h(u) = 3*m(u) + 4*o(u). What is the units digit of h(g)?
9
Let k = 20 + -10. Let t(a) = -a**2 - 2*a + 1. Let m be t(1). Let d = k + m. What is the units digit of d?
8
Let o be ((-3 + 2)*1)/(-1). Let c = 7 + o. What is the units digit of c?
8
Suppose 5*n + 4 = -1, 2*f + n = -1. Let i be f - (2 - 5) - -12. Suppose -z = 3*c - 4, 3*z = 5*c - i - 1. What is the units digit of c?
2
What is the tens digit of (-8)/6*297/(-18)?
2
Let k(g) = -g**2 - 6*g - 5. Let b be k(-4). Suppose 2*y = 3*y - b. What is the tens digit of 16 + ((-2)/(-1) - y)?
1
Let i(s) = -s**3 + 9*s**2 - 3*s + 11. What is the units digit of i(8)?
1
Suppose -741 - 743 = -7*p. What is the units digit of p?
2
Suppose 29 - 7 = 2*m. Let l = -5 + 3. Let p = l + m. What is the units digit of p?
9
Let x be ((-15)/(-6))/(2/8). Let m(v) = -v**2 + 11*v - 7. What is the units digit of m(x)?
3
What is the tens digit of (-4)/8 + 1 - 329/(-2)?
6
Let z = -342 + 631. What is the tens digit of z?
8
Let l(y) = y**2 + 4*y. Let t be l(3). Let c = -12 + t. Suppose 3*i + 3*k = -0*i + 9, -5*i = -k - c. What is the units digit of i?
2
Let o be (-2)/(((-2)/1)/2). Suppose -3*h - o*r + 22 = 0, -3*h + 6*h + 8 = 4*r. What is the units digit of h?
4
Suppose 4*o = 2*l + 540, -2*l + 0*l - 558 = 2*o. What is the units digit of l/(-9) + (-8)/12?
0
Suppose 2*f + 3*u = f + 295, 0 = -4*f + 5*u + 1129. What is the tens digit of f?
8
Let i be 130/18 + 2/(-9). Let p = i + -3. Suppose p*z + 2*n = -8 + 44, 18 = 2*z - n. What is the units digit of z?
9
Suppose 2*j = -f + 125, -5*f + 125 = 5*j - 180. What is the units digit of j?
4
Let l = 1 + -5. Let x be l/(-6) - (-48)/9. Suppose i + 3 = x. What is the units digit of i?
3
Let g(t) = -t**2 - 8*t - 4. Let y be g(-6). Suppose -y = -5*i + 2. What is the units digit of (1 - i - 1) + 5?
3
Let w(n) = n + 1. Let l be w(-1). Suppose -4*m + 2*q + 20 = l, -7*m = -2*m + 2*q - 25. What is the units digit of m?
5
Let w be -1*(-4)/((-12)/9). What is the units digit of (-26)/((-6 - w) + 1)?
3
What is the tens digit of 94 - ((-2)/3)/((-18)/54)?
9
Suppose -295 + 63 = -4*r. What is the tens digit of r?
5
Let l = 2 - 0. Suppose 5*n - y - 15 = -l*y, 5*y = -2*n + 6. Let w(g) = g**3 - 2*g**2 - 3. What is the units digit of w(n)?
6
Let j be (4 - 1)*(-8)/(-2). Suppose 5*h - 63 = -3*m + j, 2*h = 4*m + 4. Let n = -7 + h. What is the units digit of n?
5
Let f = 3 - -2. Suppose -h = -f*h + 92. What is the units digit of h?
3
Let z(d) = -d + 19. Let c be z(9). Suppose -4*n = 4*v + 28, 3*n + 2 = 4*v + n. Let l = v + c. What is the units digit of l?
8
Let l(c) = c**3 - 8*c**2 - 8*c - 12. Let k be l(9). Let w = -3 - k. Suppose -10 = p - 4*p - 2*s, -5*s + 10 = w. What is the units digit of p?
2
Let c be (-6)/2 + 2 - -3. Suppose -i = -c*i + 23. What is the units digit of i?
3
Suppose 0 = -3*l - l. Let k be (-59)/(-4) - (-1)/4. Suppose 0*j - 2*j + v + k = l, j - 9 = 2*v. What is the units digit of j?
7
Let j(v) = v**3 + 3*v**2 - v - 2. Let l be j(-2). Let z(h) = -4*h + h**2 - 2 + 5 - 2. What is the units digit of z(l)?
1
Suppose 14 = k + 3*z - 28, -2*k + 49 = -z. What is the units digit of k?
7
Let c(j) = j - 10. What is the units digit of c(13)?
3
Let g = 1 + 2. Suppose g*c - 35 = -8. What is the units digit of c?
9
Let a(j) be the second derivative of j**4/12 + 2*j**3 + 2*j**2 + 4*j. Let n be a(-8). Let m = -18 - n. What is the units digit of m?
0
Let o = 115 - 30. What is the units digit of o?
5
Let w(i) = 5 + 6*i + 12*i - 16*i. What is the units digit of w(0)?
5
Let m = 0 - 1. Let t = 4 - m. What is the units digit of t?
5
Let y be (-6)/(-8) - (-2)/8. What is the tens digit of (75/9 + y)*3?
2
Let j = -1 + 5. Suppose -66 - 74 = -j*y. What is the units digit of y?
5
Let y be 0*(1 - 2)*1. Let i(t) = t + 35. What is the units digit of i(y)?
5
Let v = 72 - 20. What is the units digit of v?
2
Let h(q) = -q**3 + 7*q**2 - 6. What is the tens digit of h(6)?
3
Let f be (-1 - -1)*4/(-4). Let o be 2 + -9 + f/(-2). Let y = o - -10. What is the units digit of y?
3
Let h = -4 + 8. Suppose h*g - 32 - 20 = 0. What is the tens digit of g?
1
Suppose -26 + 158 = 4*r. Let z be (r + -3)*1/(-2). Let u = z - -24. What is the units digit of u?
9
Let s(x) = -x**3 + 17*x**2 - 19*x - 2. What is the hundreds digit of s(15)?
1
Let x be (-260)/(-36) - (-4)/(-18). Let s(j) = -j**2 + 7*j + 10. What is the tens digit of s(x)?
1
Let z = 8 - 5. Suppose 5*f - w = 22, -2*f = -4*f - z*w + 19. What is the units digit of f?
5
What is the tens digit of (-5)/20 - 130/(-8)?
1
Let f = 608 + -426. What is the units digit of f?
2
Let b(i) = i**3 + 6*i - 3. Let o be b(5). Suppose 3*y = 3*n + 7*y - o, 2*y + 140 = 3*n. What is the tens digit of n?
4
Let n(t) = 2*t - 6. Let o be n(5). Suppose 2*z = z + 5*x - 7, 5*x - 22 = -o*z. What is the units digit of z?
3
What is the tens digit of (-18)/30*(1 - 46)?
2
Let k = -93 + 39. What is the units digit of ((-180)/k)/(2/27)?
5
Suppose 3*u - 24 = 18. What is the tens digit of u?
1
Let f be 5/15 - 28/(-6). Suppose f*j = -2*p + 7, j = 4*p - 4*j - 29. What is the units digit of p?
6
Let k(g) = -3*g - 7. What is the tens digit of k(-14)?
3
What is the units digit of 1*(-4)/((-8)/54)?
7
Let i(n) = -2*n - 3. Suppose 2*w = -c + w - 3, -4*w - 4 = 0. Let y be i(c). What is the tens digit of -2 - (y + 19/(-1))?
1
Let a = 15 - 9. Suppose -6 - a = -3*g. What is the units digit of g?
4
Let m(f) be the second derivative of -f**4/12 - 5*f**3/3 - 9*f**2/2 + 2*f. Let b be m(-6). Let z = b + -6. What is the units digit of z?
9
Suppose 0 = -6*c + 7*c - 38. What is the units digit of c?
8
Let f(l) = 2*l + 14. Let t be f(-6). What is the tens digit of t/2 + 4 + 15?
2
Suppose -o - o + 12 = 0. Let y(h) = 3*h - 6. What is the units digit of y(o)?
2
Let f be (-27)/2 - 2/4. Let g = 25 + f. What is the tens digit of g?
1
Let s = 10 + -20. Suppose 4*i - 5*w = -12, 5*i + 3*w = w - 15. What is the units digit of (i - 1)*5/s?
2
Let w be -2*(-3 + -5 + 1). Let t = w + -7. What is the units digit of t?
7
Let j(c) = -4*c**2 + 3*c - 6. Let z(a) = a**2 + 1. Let i(r) = j(r) + 5*z(r). What is the units digit of i(2)?
9
Let n(a) = -2*a**3 - a**2 + 5*a + 6. Suppose -b = 3*b + 12. What is the tens digit of n(b)?
3
Suppose -3*k + 2*k + 3*k = 0. Suppose -2*h - 4 = -3*h. Suppose k = -h*r - 4*i + 68, -2*r + 4*i = -r + 8. What is the units digit of r?
2
Let m(d) = -d**3 + 5*d**2 + 7*d + 7. What is the units digit of m(6)?
3
Let i = 18 - 10. Suppose 2*m - 24 = -2*a, i = 3*m + a - 32. What is the units digit of m?
4
Suppose -2*t = -3*t + 35. What is the tens digit of t?
3
Let y be 1054/8 + (-4)/(-16). Suppose -24 - y = -3*a. What is the tens digit of a?
5
Let v = 28 - 25. Suppose 0 = g - i - 44, g - v*g = 3*i - 108. What is the units digit of g?
8
Suppose 0 = -8*v + 10*v - 76. What is the units digit of v?
8
Let t = -3 - 6. Suppose -j = 3*h + 95, 0 = 2*h